t n = -382 + f. What is the tens digit of n?
9
Suppose 331*d + 1030176 = 345*d. What is the tens digit of d?
8
Suppose -15*b - 120 - 105 = 0. Let m = 19 + b. Suppose 39 = m*g + 4*k - k, 0 = g - 3*k - 21. What is the units digit of g?
2
Let a = 6744 - 1088. What is the tens digit of a?
5
Suppose -2*k + 262 + 10 = 0. Suppose -666 = 5*f - k. Let i = f - -107. What is the units digit of i?
1
Suppose 30*p + 29374 = 812134. What is the hundreds digit of p?
0
Let c(f) be the first derivative of 11*f**3 - f**2 - f + 1. Suppose -w + 4*h = 1, -3*w + 2*h = 5*h + 3. What is the tens digit of c(w)?
3
Let y = 16487 + -5549. What is the ten thousands digit of y?
1
Let r(f) = -10*f**3 + 4*f**2 + 108*f + 217. What is the tens digit of r(-2)?
9
Suppose -2*t + 4*s + 18 = 0, 0*t - s = t + 6. Let q be t/(-5) + 66/(-30) - -2. Suppose 5*p - 1221 + 226 = q. What is the hundreds digit of p?
1
Let u be (-111 - -112) + 113*1. Suppose -1568 = u*d - 142*d. What is the tens digit of d?
5
Suppose -335 = 38*v - 43*v. Let s = 127 + v. What is the tens digit of s?
9
Suppose d + 4*c - 34348 = 0, 70*d + 4*c = 72*d - 68792. What is the thousands digit of d?
4
Suppose -p + 60 = -5*p. Let t(h) = 1 - 3*h + 10 + 2 - 1. What is the tens digit of t(p)?
5
Let b = 6625 - 5497. What is the tens digit of b?
2
Let b(i) = 69*i - 1246. What is the tens digit of b(52)?
4
Let y(p) = 115*p**2 + 14*p - 38. Let c be y(5). Let z = c + -1892. What is the units digit of z?
5
Let a be -4 - -155*((-2)/5 + 0). Let b = -54 - a. What is the units digit of ((-1545)/b)/(-5) - 8/(-32)?
6
What is the thousands digit of ((-10620)/25)/(42/(-2800))?
8
Let j(m) = 330*m**2 - m - 1. Let o be j(-1). Suppose 2*z = -9*z - o. What is the units digit of z/9*(-156)/10?
2
Let x be (-34)/3*-30*(-3 - -2). Let p = x + 169. What is the hundreds digit of p/(-21)*2*7?
1
Suppose -3*z - 2*f - 27 = f, z - 4*f = 1. What is the hundreds digit of 6 - ((-579 - -7) + z)?
5
Suppose -6*m + 16362 = 21*m. Let i = m - 130. What is the units digit of i?
6
Let c be (384/40)/(-8)*(-5)/2. Suppose 5*q - p = 14, -5*p = -2*p - c. Suppose 4*f + 6 - 22 = -2*h, -q*f - 15 = 0. What is the tens digit of h?
1
Let s(v) = 3*v**2 - 29*v - 1. Suppose 8*p - 7*p = -2*n - 56, 0 = 4*n - 8. Let b = -45 - p. What is the units digit of s(b)?
9
Suppose -30*n + 35 = -25*n. Suppose -n*s + 1586 = -1172. What is the hundreds digit of s?
3
Let s(b) = b**3 - 15*b - 16. Let r be s(-3). Suppose r*a - 3 = -7, 0 = -4*w + a + 790. What is the tens digit of w?
9
Suppose -4*s = -3*b - 9460 - 71382, -5*b - 10 = 0. What is the thousands digit of s?
0
Suppose 368*h = 335*h + 158928. What is the tens digit of h?
1
Let j = 3701 + -1667. What is the tens digit of j?
3
What is the hundreds digit of (-10*8/16 - -8)*6524/3?
5
Suppose -768298 + 518380 - 1168608 = -109*v. What is the ten thousands digit of v?
1
Let g = -4 + 6. Suppose 11*f + 203 = 125*f - 25. Suppose g*n - 62 = -f*l, -3*n + n = -l + 34. What is the tens digit of l?
3
Let a = -109 - -112. Suppose -u = -a*y - 18, u - y = 4*u - 74. What is the units digit of u?
4
What is the tens digit of 24/(-12)*(-3376 + -14)/((-6)/(-4))?
2
Suppose f - 4*m - 18 = 0, -40 = -4*f - f - 5*m. What is the tens digit of -3 + (-55)/f*-62?
3
Suppose 5*i + 9 - 19 = 0, -2*q + 5*i = 2. Suppose a - 957 = -q*a - 3*x, 0 = 5*x - 20. What is the units digit of a?
9
Let x be (44 - 48) + 3/((-6)/(-17170)). Suppose 2357 - x = -4*v. What is the hundreds digit of v?
5
Let a = -5716 - 2812. What is the tens digit of ((-9)/(-4) - 0)/((-39)/a)?
9
Let f = 1028 + 118. Let j = f + -213. What is the units digit of j?
3
Let r(b) = 20*b**2 + 60*b - 358. What is the hundreds digit of r(18)?
2
Suppose 48991 + 87068 = 19*z. What is the hundreds digit of z?
1
Suppose -5*h + 26656 = -4*p, -26655 = -h - 4*h + 5*p. What is the thousands digit of h?
5
Let y(l) = 2*l**3 + 27*l**2 + 18*l - 4 - l**3 - 45*l**2 + 22*l**2. Let b be y(-6). What is the tens digit of (-90)/(-12)*b/(-10)?
3
Suppose 14 - 2 = 3*y. Suppose -18 = -4*v + r - y*r, 4*v + r = 22. Let q(x) = 13*x - 15. What is the tens digit of q(v)?
6
Let u = -115 + 192. Suppose 253 - u = 2*s. Suppose -2*n = 5*w - 230, 5*w = 5*n + 353 - s. What is the tens digit of w?
4
Suppose -61*b + 40530 = -58*b - 4*a, 0 = -5*b + 7*a + 67551. What is the ten thousands digit of b?
1
Let i(a) = 113*a + 144. What is the thousands digit of i(11)?
1
Let i = -519 + 901. What is the units digit of 2 + i + 6 + -3?
7
Let f = -77 - -82. Suppose -f*l - r + 3100 = 3*r, -4*l - 3*r + 2481 = 0. What is the units digit of l?
4
Let h = 3931 + -2781. Let w = h + -550. What is the tens digit of w?
0
Suppose 60 = 2*w - 2*v, w + 4*v = 2 + 3. Let p(q) = 23*q + 2. What is the tens digit of p(w)?
7
Suppose -5*w + 4*a - 115 = 25, 0 = w + 3*a + 47. What is the units digit of 9/(-5 - -6)*w/(-6)?
8
Suppose 0 = -5*z - z + 1212. Suppose 54*x = 53*x + z. What is the units digit of x?
2
Suppose -3*i - 2163 = -7803. Suppose 3*k + k + 2*g = i, k - 470 = -2*g. What is the units digit of k?
0
Let j(w) be the second derivative of w**5/5 + w**4/12 - w**3/2 + 3*w**2 + 6*w. Suppose -6 = 2*s + 3*h, 0*s - h = 5*s - 11. What is the tens digit of j(s)?
1
Suppose -100*a + 61207 + 55370 = -486423. What is the tens digit of a?
3
Let a be (-9)/(-15) - 115/25. Let j be (202 + 0 + a)/1. Suppose 3*f = -3*u - 2*u + 116, 4*f - 2*u - j = 0. What is the tens digit of f?
4
Let b(h) = -391*h + 64. What is the tens digit of b(-15)?
2
Let t = 10674 - 100. What is the thousands digit of t?
0
Suppose 8*p - 35082 - 41574 = 0. What is the hundreds digit of p?
5
What is the thousands digit of 20/(-36) - (-1933503)/351?
5
Suppose -165*i - 72993 = -168*i. What is the tens digit of i?
3
Suppose 2*p = 8*p + 18. Let w(q) = 12*q - 31. Let g be w(7). What is the tens digit of p + g + 4 + 1?
5
Let n = 47 + -87. Let i = 45 + n. Suppose -6*d - 118 = -3*c - i*d, -2*d - 197 = -5*c. What is the tens digit of c?
3
Suppose t - 3*d - 6 = 0, t - 7 = 10*d - 6*d. Let y(o) = -2*o**2 - 29*o**3 - 17*o + 22*o + 31*o**t + 10. What is the tens digit of y(5)?
3
Suppose -9143 = -2*l + 5*v, -143*l + 145*l = -2*v + 9108. What is the hundreds digit of l?
5
Suppose 6*i + 4837 = 53749. What is the units digit of i?
2
Suppose -13*r = -5*o - 9*r + 2048, -3*r = 3*o - 1218. Let t = -149 + o. What is the units digit of t?
9
Suppose -b + 3*b = 0. Suppose 4*p + 169 = -l + 4*l, -243 = -5*l - 3*p. Suppose b = 3*u + l - 246. What is the tens digit of u?
6
Let a(g) = g**2 - 35*g + 57. Let z be a(33). What is the units digit of (1265/(-3) - -2)*(z - -6)?
9
Suppose 0 = 3*l + 256 + 32. Let q = -773 + 497. Let b = l - q. What is the tens digit of b?
8
Let a(q) = 22*q - 18. Let i be a(1). Suppose i*m - 2900 = -4*p, -4*p + 2*p = -3*m - 1440. What is the tens digit of p?
2
Let g = 5 + -21. Let i be 13/(40/90*-3*(-1)/(-4)). Let p = g - i. What is the units digit of p?
3
Suppose 4*g - 2*w = -0*g + 92, -3*g = -3*w - 63. Let m be -3 + 6 - -1*g. Let p = 65 - m. What is the units digit of p?
7
Suppose u - 2530 - 115 = 0. Let z = u + -1850. What is the units digit of z?
5
Suppose -2*w + 131409 = 3*d, 314*w - 197136 = 311*w - 2*d. What is the hundreds digit of w?
7
Suppose -31*u - 57 = -34*u - 2*p, 4*u - 56 = 4*p. Suppose 978 - 2882 = -u*d. What is the units digit of d?
2
Let k(z) = 10*z - 138. Let p be k(-20). Let n = 362 - p. What is the tens digit of n?
0
Let g = 976 - -1067. Suppose -5*r + g = 253. What is the tens digit of r?
5
Suppose -5*c = -5*x - 14875, -383*c + 387*c - 11921 = -3*x. What is the tens digit of c?
7
Suppose 152 = p - 114. Let b be (1 - (-9)/(-11)) + (-154254)/1034. Let n = p + b. What is the tens digit of n?
1
Suppose 0 = 5*x - 15, 263*m - 267*m + 4*x = -25912. What is the hundreds digit of m?
4
Let a(d) = -111*d + 3. Let p be a(-5). Suppose -2996*c + 35 = -2989*c. Suppose p = h + c*h. What is the units digit of h?
3
Let b(p) = 8*p**3 - 4*p**2 - 3*p + 8. Let q(r) = -12*r**2 - 27*r - 3. Let y be q(-2). What is the units digit of b(y)?
9
Let i = 7339 - 5682. What is the hundreds digit of i?
6
Let k = -856 - -415. Let i = 509 + k. What is the tens digit of i?
6
Let t be (-2)/((-11)/((-264)/16)). Let x(q) = q**2 + 4*q - 2. Let g be x(-4). What is the units digit of g/t*-35*-3?
0
Let a be (((-168)/(-16))/(-7))/((-6)/(-40)). What is the te